actor of 14400 and 43150?
50
Calculate the greatest common factor of 3255 and 615.
15
Calculate the highest common divisor of 31 and 57877.
31
Calculate the greatest common divisor of 370 and 1635955.
185
Calculate the greatest common factor of 284479 and 4155.
277
Calculate the highest common divisor of 18 and 1330338.
6
Calculate the highest common divisor of 120 and 21496.
8
Calculate the highest common factor of 636 and 1113.
159
What is the highest common divisor of 17918 and 3038?
62
Calculate the greatest common factor of 107646 and 10626.
462
What is the highest common divisor of 1275 and 60825?
75
Calculate the highest common divisor of 18260 and 5780.
20
What is the highest common divisor of 56 and 360?
8
Calculate the greatest common divisor of 380 and 37924.
76
What is the highest common factor of 84792 and 84?
12
Calculate the greatest common factor of 58239 and 324.
81
What is the highest common divisor of 316 and 87058?
158
Calculate the greatest common divisor of 600 and 1290.
30
What is the greatest common factor of 425 and 8755?
85
What is the highest common divisor of 32295 and 105?
15
Calculate the highest common factor of 580 and 19169.
29
What is the highest common divisor of 103780 and 500?
20
What is the highest common divisor of 4611 and 2668?
29
What is the greatest common divisor of 15 and 243905?
5
What is the highest common factor of 104 and 5993?
13
Calculate the greatest common divisor of 185 and 453694.
37
Calculate the highest common divisor of 444423 and 126.
21
Calculate the greatest common divisor of 189 and 10053.
9
What is the highest common divisor of 17917 and 18335?
19
What is the greatest common factor of 45701 and 6141?
23
Calculate the greatest common factor of 1088 and 156077.
17
What is the greatest common divisor of 80454 and 253?
253
Calculate the highest common divisor of 84 and 150.
6
What is the greatest common factor of 50 and 28775?
25
What is the highest common divisor of 174069 and 1701?
567
Calculate the highest common divisor of 678 and 2599.
113
What is the highest common factor of 1944 and 1056?
24
Calculate the highest common factor of 6755282 and 362.
362
Calculate the highest common factor of 2891 and 2863.
7
What is the greatest common factor of 11 and 25513389?
11
Calculate the greatest common divisor of 7936 and 2728.
248
What is the highest common factor of 39537 and 892161?
1719
Calculate the highest common divisor of 48 and 3615624.
24
What is the highest common factor of 90 and 383310?
90
What is the greatest common factor of 281 and 136847?
281
Calculate the highest common factor of 111450 and 260.
10
Calculate the greatest common factor of 125 and 6800.
25
What is the greatest common divisor of 996 and 123836?
332
Calculate the greatest common factor of 11811 and 15531.
93
Calculate the greatest common factor of 255703 and 63.
7
Calculate the greatest common divisor of 4167 and 296783.
463
Calculate the highest common factor of 24408 and 576.
72
What is the greatest common factor of 3275 and 5225?
25
Calculate the greatest common divisor of 29682 and 36.
18
Calculate the greatest common divisor of 159520 and 1440.
160
Calculate the greatest common divisor of 1020 and 34340.
340
What is the greatest common divisor of 4520997 and 5967?
1989
Calculate the highest common divisor of 154051 and 889.
127
What is the greatest common factor of 550 and 348950?
50
What is the highest common divisor of 4355 and 104?
13
What is the greatest common factor of 6282075 and 225?
75
Calculate the greatest common divisor of 1900 and 104025.
475
Calculate the greatest common divisor of 50522 and 4.
2
Calculate the highest common divisor of 177923 and 181.
181
Calculate the greatest common divisor of 121 and 377102.
11
What is the greatest common divisor of 273 and 9841?
13
Calculate the greatest common divisor of 2091120 and 45.
15
Calculate the highest common divisor of 162 and 669762.
54
What is the greatest common factor of 88 and 8728?
8
What is the greatest common factor of 1617 and 97482?
231
Calculate the greatest common factor of 130 and 33010.
10
Calculate the greatest common factor of 1499333 and 11.
11
Calculate the highest common divisor of 12984 and 264.
24
Calculate the greatest common divisor of 1624892 and 148.
148
What is the greatest common divisor of 137800 and 845?
65
Calculate the highest common factor of 430 and 165550.
430
Calculate the greatest common factor of 1 and 28428.
1
What is the greatest common factor of 3240 and 1468080?
360
Calculate the highest common factor of 65 and 1398150.
65
What is the greatest common factor of 312 and 1857?
3
Calculate the highest common divisor of 389500 and 225.
25
Calculate the highest common divisor of 210 and 12362.
14
What is the highest common factor of 477 and 2038221?
477
Calculate the highest common divisor of 1783164 and 12.
12
Calculate the greatest common factor of 178362 and 972.
486
Calculate the greatest common divisor of 9 and 26577.
9
What is the greatest common factor of 658904 and 69?
23
Calculate the greatest common divisor of 27532 and 32.
4
What is the greatest common factor of 32 and 10646?
2
Calculate the greatest common factor of 100624 and 608.
304
What is the highest common divisor of 85 and 4284?
17
Calculate the greatest common factor of 1572 and 1678503.
393
What is the highest common divisor of 26004 and 1485?
33
Calculate the highest common divisor of 10404 and 1972.
68
What is the greatest common factor of 646864 and 16?
16
What is the highest common divisor of 1700 and 382432?
68
Calculate the greatest common divisor of 5978 and 1078.
98
Calculate the highest common divisor of 262044 and 16182.
522
Calculate the highest common factor of 12 and 8076.
12
Calculate the greatest common divisor of 730908 and 237.
237
Calculate the greatest common factor of 26568 and 43884.
36
Calculate the greatest common divisor of 108 and 20544.
12
What is the highest common divisor of 1626 and 657175?
271
Calculate the highest common factor of 13 and 210535.
13
What is the highest common divisor of 411678 and 18?
18
What is the greatest common divisor of 152 and 1463?
19
What is the highest common divisor of 161 and 6720?
7
Calculate the highest common factor of 1326806 and 130.
26
Calculate the greatest common divisor of 74184 and 12936.
264
Calculate the highest common divisor of 1816 and 776.
8
Calculate the highest common divisor of 672 and 148344.
168
What is the greatest common divisor of 4319 and 1316678?
617
Calculate the highest common factor of 10536 and 96.
24
Calculate the greatest common divisor of 30613 and 44.
11
What is the highest common divisor of 6174 and 357406?
686
Calculate the greatest common factor of 481 and 5883.
37
What is the greatest common factor of 60 and 600?
60
What is the greatest common divisor of 26447 and 19769?
53
Calculate the highest common divisor of 352 and 176968.
88
What is the highest common divisor of 12 and 100236?
12
Calculate the greatest common factor of 39408 and 4344.
24
What is the greatest common divisor of 270 and 4755645?
135
What is the greatest common factor of 983950 and 55?
55
Calculate the greatest common divisor of 5313 and 294.
21
Calculate the greatest common divisor of 43834 and 868.
434
Calculate the greatest common divisor of 606939 and 2149.
307
What is the highest common divisor of 915 and 32635?
305
Calculate the highest common factor of 524805 and 59.
59
Calculate the highest common divisor of 3723 and 153.
51
Calculate the highest common divisor of 180 and 101580.
60
Calculate the greatest common divisor of 148170 and 22.
22
What is the greatest common factor of 246 and 1176?
6
Calculate the highest common factor of 19366 and 46.
46
What is the greatest common factor of 244704 and 57?
3
Calculate the highest common factor of 296 and 97312.
8
Calculate the highest common divisor of 828 and 549.
9
What is the greatest common divisor of 497744 and 1456?
208
Calculate the highest common factor of 237 and 19.
1
Calculate the greatest common factor of 99 and 2717.
11
What is the greatest common factor of 464 and 290?
58
What is the highest common factor of 570761 and 328?
41
What is the greatest common divisor of 82640 and 44419?
1033
What is the hig